 Suppose 3*x - 3*t - 1902 = 0, -2*x - 3*t = -x - y. Is (x/(-2))/(2/(-1)) a composite number?
True
Is ((-10)/(-6))/((-2)/(-78)) a composite number?
True
Let h(i) be the first derivative of i**4/4 + i + 5. Is h(4) a prime number?
False
Is 46/(2/(-215)*(0 - 5)) prime?
False
Let s = -3377 + 5248. Is s a composite number?
False
Let k(f) = -4*f**3 + 6*f**2 + 4*f + 4. Let l be k(-4). Is l - -3*(-4)/4 a composite number?
False
Let w be 0 - 1/1 - -2. Let r be w + 2/(2/(-67)). Is (-2)/6 - r/9 prime?
True
Suppose s = -2*s + c - 4, -4*s + 8 = 2*c. Suppose 2*f + 581 - 89 = s. Let q = -83 - f. Is q composite?
False
Let g(p) = 3*p**2 - 7*p + 13. Let c be g(9). Let o = c - 110. Is o a prime number?
True
Let j = 4 - 2. Let m(u) = 5 + j - 11*u - 4. Is m(-6) a composite number?
True
Let m = -2 + 7. Suppose l - 6*l + 95 = -5*a, -m*a = 20. Suppose 0 = -3*p + 4*w + 675, -l = 5*w - 0. Is p composite?
True
Let s = -33 - -68. Suppose -71 - s = -2*i. Is (3 - i)/(-2*1) a composite number?
True
Let d be (-4 - -8) + -2 + -51. Is (-1)/7 - 26712/d prime?
False
Let y = -357 + 187. Let p = y + 439. Is p composite?
False
Suppose -o - o = -138. Is o a prime number?
False
Suppose 6 = 5*l + 1. Suppose -13 = y + 4*w, 3*y = -3*w - l - 2. Is 13*y/((-3)/(-2)) a composite number?
True
Let c = 3 - -25. Suppose 3*j + 2*g = 4, -3*j + 5*g = g - c. Let n(a) = 2*a + 5. Is n(j) composite?
False
Suppose 4*h - 577 - 307 = 0. Is h a prime number?
False
Is 86 - (-2)/2*-1 a prime number?
False
Suppose n + 2*n = 1515. Is n composite?
True
Let a(q) = -51*q - 29. Is a(-10) prime?
False
Let c(y) = 2*y**2 - 4*y + 5. Is c(3) composite?
False
Is (-1 + (-3)/(-2))/((-13)/(-8398)) composite?
True
Let f(m) = m**2 + 11*m + 6. Let t(l) = -l. Let i(y) = -f(y) - 2*t(y). Suppose 4*p = 4*q + 36, -5*q + 2*p + 2 = -7*q. Is i(q) composite?
True
Let d = 5 + 35. Suppose d = -4*k + 8*k. Is k a composite number?
True
Suppose 2*r + 44 = 2*v, 2*v = 2*r - v + 44. Let k = 57 + r. Is k a prime number?
False
Suppose 11 = k + p, 2*k - 4*k - 4*p + 24 = 0. Suppose 2*n - 33 = -n. Suppose -n = -3*z + k. Is z a composite number?
False
Let h = -427 + 954. Is h composite?
True
Suppose -z + 374 = 4*c, -3*z - c + 901 = -210. Let t = z - 123. Is t composite?
True
Let x(p) = 3*p**3 - 11*p + 7. Is x(9) prime?
False
Let p(h) = 10*h + 2*h + 10*h + 7. Is p(7) prime?
False
Suppose 0 = -6*z + 8*z - 290. Is z a prime number?
False
Let c(u) = 6*u**3 + 8*u**2 - 9*u + 9. Let v be c(6). Suppose -4*k - 1551 = 2*i - 7*i, v = 5*i - k. Is i a prime number?
True
Let t = -430 + 126. Let h = t - -437. Is h composite?
True
Let f = 4 + 0. Is f/(-22) + (-6995)/(-55) prime?
True
Is (-1)/(-2) + (-42795)/(-54) a prime number?
False
Let w(x) = -x**3 + x**2. Let l(g) = 4*g**3 - 17*g**2 + 20*g - 12. Let v(k) = l(k) + 3*w(k). Let t be (3 - 1)*6 - -1. Is v(t) a prime number?
True
Let s be (4 - 1)/(15/11080). Is (-2)/(-10) + s/20 composite?
True
Let j = 24 - 25. Let r(o) = 61*o**3 - o**2 - 2*o - 2. Let c(y) = y**3 - y - 1. Let i(f) = 3*c(f) - r(f). Is i(j) a prime number?
True
Suppose -2*m + 7 = o, 0*o = 5*m - o. Let w = 78 - m. Is w prime?
False
Let d be 1*(-2 - (-3 + 1)). Suppose 0 = -2*n - 2*j + 2807 + 321, -j + 3 = d. Is n prime?
False
Let x = 13 - 8. Suppose -3*n + x*n = 106. Is n prime?
True
Suppose -x + 2*x - 159 = 0. Is x a composite number?
True
Let y(l) = 228*l - 85. Is y(9) a prime number?
False
Suppose -4*z = 3*h - 2 - 5, 3 = z + 2*h. Let g(w) = 48*w**2 - 2*w + 1. Let j be g(z). Suppose -4*f - 82 = -2*o, -2*o + 5*f = -o - j. Is o prime?
True
Suppose -2*l = -219 - 77. Suppose a = 5*a - l. Suppose d - 4*w = 37, a = d + 3*w - 2*w. Is d a composite number?
False
Let f = 7656 - 5183. Suppose 4*x = 2*a - 1654, -2*x - 1694 = -5*a + f. Is a a composite number?
True
Suppose 2 = 2*p, 2*z - 1043 = 3*p - 0*p. Let d = z - 356. Let u = -54 + d. Is u a prime number?
True
Suppose 7645 = 2*z + 2*z + 3*n, 5*z - 9560 = -3*n. Is z prime?
False
Let u(n) = n**2 + 531. Let s be u(0). Suppose -3*a - 2*w = -s, -a + 21 = -3*w - 145. Suppose 4*k = -k + a. Is k composite?
True
Suppose 3*y - 2*t - 28 = -y, 3*y + 3*t - 12 = 0. Let b be (-57)/9 - (-2)/y. Is 2/(b/(-27)) + 2 a prime number?
True
Suppose c - 1 - 1 = 0. Suppose -c*x - 397 = -5*y, 223 = 3*y - 2*x - 16. Is y a composite number?
False
Suppose 2*a - 88 = 390. Is a a composite number?
False
Let h be 1/(-1) + -1 + -19. Let j = h - 2. Let w = 33 + j. Is w prime?
False
Suppose 12 = 5*l - 3. Suppose l*u - 30 = 8*u. Is ((-42)/18)/(2/u) prime?
True
Let g(w) = w + 1. Let x(u) = 14*u + 5. Let y(v) = -15*v - 5. Let z(l) = -4*x(l) - 3*y(l). Let d(c) = -6*g(c) - z(c). Is d(10) a prime number?
False
Suppose 610 = 11*j + 27. Is j a composite number?
False
Is (-1)/(-5) - 9198/(-35) a composite number?
False
Is 3/(-5) + 57396/10 composite?
True
Suppose -2 = m - 1. Let o be ((1 - 5)/2)/m. Suppose q + 10 = o*a - 21, -a - 7 = 4*q. Is a prime?
True
Let k = -16 + 32. Suppose 0 = -6*h + 2*h - k. Is (h + 3)*(-12 - 1) a prime number?
True
Let u be (-2)/5 + 4/10. Suppose 4*l - 5*v = 81, -2*v = 5*l - u*l - 93. Is l prime?
True
Let h be 2 + (-30)/3 + 1. Let i = -5 - h. Suppose r + i*r = 339. Is r a prime number?
True
Let z(v) = 438*v**2 + 4*v + 5. Is z(-3) prime?
False
Let h(b) = 97*b**2 - b + 1. Suppose -v + 1 + 0 = 0. Is h(v) prime?
True
Let f = 8 + -7. Suppose -h + f = -3*l + 2, 59 = 5*h + l. Is h prime?
True
Suppose -7*b = -x - 3*b + 1755, -x - b = -1740. Suppose -x = 3*t - 2*l, -t = l + 4*l + 564. Is t/(-15) + (-2)/(-5) a composite number?
True
Let b(k) = k**3 - k**2 - 2. Let s be b(2). Suppose -2*f = d + s*d - 254, d = 0. Is f a composite number?
False
Suppose 44 = b - 4*f - 87, -377 = -3*b + 4*f. Let d = b - -95. Suppose 0 = 2*j - 5*j - 3*g + 357, -3*g = -2*j + d. Is j prime?
False
Let r be (5 + -2)/(-1) + 46. Suppose 3*l - r = -1. Is l composite?
True
Let a be 1 + -1 + -8 + 10. Let d be 2/(-3)*(-471)/a. Let j = d + -80. Is j a prime number?
False
Let u(h) = -5*h**3 - 2*h**2 + 4*h - 1. Let o(s) = -s**3 + s. Let m(n) = -6*o(n) + u(n). Let a be m(3). Suppose 0*k = a*k - 70. Is k composite?
True
Let k(p) = -p**2 + 5. Let g be k(0). Suppose g*y - 800 = -5*x, 2*y + 3*x - 198 = 121. Is y prime?
False
Suppose -4*q = -2*q - 518. Is q a prime number?
False
Suppose -4*x - 4*q + 1629 = -2583, 4*q + 8 = 0. Is x prime?
False
Let k = 37 + 37. Let j = 157 - k. Is j composite?
False
Let t = 3 - 1. Let k(s) = -s**3 - 10*s**2. Let n be k(-10). Suppose -2*o + n*w + 176 = -t*w, 4*o = -3*w + 373. Is o a composite number?
True
Let g = 25 + -19. Is g a prime number?
False
Let p = 1458 - 941. Is p a composite number?
True
Let h(d) = -d**2 + 4*d - 5. Let v be h(8). Let g be (18/(-3))/(-2)*v. Let c = 188 + g. Is c prime?
False
Let g(z) = 147*z**2 + 26*z - 4. Is g(3) a prime number?
False
Let x(p) = 58*p. Suppose -4*z = 1 - 5. Is x(z) a composite number?
True
Suppose -3*o + 44 = -2*i + 463, 0 = 2*o + i + 270. Let w = 12 - o. Suppose 0 = -3*y + 118 + w. Is y prime?
True
Suppose -2*o + 4*c + 2 = 12, 0 = 3*c - 12. Suppose y = a + o*a + 521, 0 = 2*y + 4*a - 1102. Is y a composite number?
False
Let g = -474 + 709. Is g a composite number?
True
Let o(q) = 2 - q - 2 - 5. Let n be o(-6). Is (62/4)/(n/2) prime?
True
Let o(k) = k**2 + 3*k + 5. Let j be o(-4). Suppose -5 = 3*s + 1. Let z = j - s. Is z composite?
False
Let z be (-1)/(2*(-2)/8). Let q(y) be the third derivative of 2*y**4/3 + y**3/6 + y**2. Is q(z) composite?
True
Let v = -1 - -15. Suppose -4*x - 2*c - 14 = -8*x, 0 = x - 4*c - v. Suppose 4*l - 2*l = -6, 3*f + x*l - 87 = 0. Is f a prime number?
True
Let f(j) = -j + 11. Let h(a) = -a + 12. Let c(k) = 6*f(k) - 5*h(k). Let q be c(3). Suppose 0 = -2*x + 5*x + 5*y - 38, 0 = 4*x - q*y - 99. Is x composite?
True
Let h(n) = n**3 + 5. Let w be h(0). Suppose 7*k - w*k + 126 = 0. Let b = -8 - k. Is b prime?
False
Let t(d) = -3*d + 9. Let r(g) = -4*g + 9. Let k(z) = 5*r(z) - 6*t(z). Is k(-10) a prime number?
True
Let y(j) = 2*j**2 + 7*j - 1. Let w be y(13). Let z = 2 - -2. Suppose z*g - 24 = -2*l + w, 4*l - 565 = -5*g. Is g a prime number?
True
Suppose -s = -5*o - 28, -4*s + 32 = -6*o + 2*o. Suppose 4*p = s*q + 853, 3*q - q = -6. Is p a composite number?
False
Let r(z) be the third derivative of 4*z**5/5 - 5*z**4/24 - z**3/3 + 3*z**2. Is r(-3) composite?
True
Let o be (-5)/(2/(